{"id":1140,"date":"2025-11-23T00:30:48","date_gmt":"2025-11-23T00:30:48","guid":{"rendered":"https:\/\/undetec.net\/cdl\/1a-conferencia-mundial-de-conservacio-de-sols-i-aigua-sota-el-canvi-global-lleida-2017\/"},"modified":"2025-11-23T00:30:48","modified_gmt":"2025-11-23T00:30:48","slug":"1a-conferencia-mundial-de-conservacio-de-sols-i-aigua-sota-el-canvi-global-lleida-2017","status":"publish","type":"page","link":"https:\/\/undetec.net\/cdl\/1a-conferencia-mundial-de-conservacio-de-sols-i-aigua-sota-el-canvi-global-lleida-2017\/","title":{"rendered":"1\u00aa Confer\u00e8ncia Mundial de Conservaci\u00f3 de S\u00f2ls i Aigua sota el Canvi Global Lleida 2017"},"content":{"rendered":"<nav class=\"nav-actuacio\"><a class=\"btn-prev\" href=\"https:\/\/undetec.net\/cdl\/19a-trobada-de-colles-de-leix-transversal-a-vic-2017\">&lt; 19a Trobada de Colles de l&#039;Eix Transversal a Vic 2017<\/a><a class=\"btn-next\" href=\"https:\/\/undetec.net\/cdl\/festa-major-del-local-dels-castellers-de-lleida-2017\">Festa Major del Local dels Castellers de Lleida 2017 &gt;<\/a><\/nav><div>\n    <!--<h2>Informaci\u00f3 general<\/h2> -->\n    <p><strong>Pde4s, 3de6n, 2de6, 4de6n, Pde4, Pde4<\/strong><\/p>\n    <section class=\"altres-direccions\">\n    <article class=\"wp-block-group\" style=\"border:1px solid #ddd; padding:0.75rem; margin-bottom:0.75rem;\">\n    <header style=\"display:flex; align-items:center; gap:0.5rem; flex-wrap:wrap;\">  \n    <span>Lleida (Udl Rectorat)<\/span>\n    <span>15\/06\/2017 19:30<\/span>\n    <span>\n        <iframe \n            width=\"600\" \n            height=\"250\" \n            style=\"border:0;\" \n            loading=\"lazy\" \n            allowfullscreen \n            referrerpolicy=\"no-referrer-when-downgrade\"\n            src=\"https:\/\/www.google.com\/maps?q=41.61466869912351,0.6199512519331937&hl=ca&z=20&output=embed\">\n        <\/iframe>\n     <\/span>\n   <\/header>\n<\/article>\n<\/section>\n<ul>\n    <li><strong>Rondes:<\/strong> obrir pla\u00e7a [Pde4s], 1a [3de6n], 2a [2de6], 3a [4de6n], Pilars comiat [Pde4, Pde4]<\/li>\n    <li><strong>Puntuacio:<\/strong> 250<\/li>    <li><strong>Curt:<\/strong> Confer\u00e8ncia Mundial de Conservaci\u00f3 de S\u00f2ls i Aigua sota el Canvi Global Lleida<\/li>\n<\/ul>\n<ul class=\"actuacio-caps\"><li class=\"actuacio-cap act-rol-cap-de-colla\"><strong>Cap de colla:<\/strong> Lloren\u00e7 Llaberia Melcion<\/li><\/ul>\n\n    \n\n<\/div><p>\n\n<\/p>\n","protected":false},"excerpt":{"rendered":"","protected":false},"author":2,"featured_media":0,"parent":0,"menu_order":0,"comment_status":"open","ping_status":"closed","template":"","meta":{"footnotes":""},"class_list":["post-1140","page","type-page","status-publish","hentry"],"_links":{"self":[{"href":"https:\/\/undetec.net\/cdl\/wp-json\/wp\/v2\/pages\/1140","targetHints":{"allow":["GET"]}}],"collection":[{"href":"https:\/\/undetec.net\/cdl\/wp-json\/wp\/v2\/pages"}],"about":[{"href":"https:\/\/undetec.net\/cdl\/wp-json\/wp\/v2\/types\/page"}],"author":[{"embeddable":true,"href":"https:\/\/undetec.net\/cdl\/wp-json\/wp\/v2\/users\/2"}],"replies":[{"embeddable":true,"href":"https:\/\/undetec.net\/cdl\/wp-json\/wp\/v2\/comments?post=1140"}],"version-history":[{"count":0,"href":"https:\/\/undetec.net\/cdl\/wp-json\/wp\/v2\/pages\/1140\/revisions"}],"wp:attachment":[{"href":"https:\/\/undetec.net\/cdl\/wp-json\/wp\/v2\/media?parent=1140"}],"curies":[{"name":"wp","href":"https:\/\/api.w.org\/{rel}","templated":true}]}}