{"id":1227,"date":"2025-11-23T00:30:49","date_gmt":"2025-11-23T00:30:49","guid":{"rendered":"https:\/\/undetec.net\/cdl\/8e-congres-de-la-societat-de-ciencies-forestals-lleida-2022\/"},"modified":"2025-11-23T00:30:49","modified_gmt":"2025-11-23T00:30:49","slug":"8e-congres-de-la-societat-de-ciencies-forestals-lleida-2022","status":"publish","type":"page","link":"https:\/\/undetec.net\/cdl\/8e-congres-de-la-societat-de-ciencies-forestals-lleida-2022\/","title":{"rendered":"8\u00e8 Congr\u00e9s de la Societat de Ci\u00e8ncies Forestals Lleida 2022"},"content":{"rendered":"<nav class=\"nav-actuacio\"><a class=\"btn-prev\" href=\"https:\/\/undetec.net\/cdl\/festa-major-del-local-dels-castellers-de-lleida-2022\">&lt; Festa Major del Local dels Castellers de Lleida 2022<\/a><a class=\"btn-next\" href=\"https:\/\/undetec.net\/cdl\/xxiiie-aniversari-dels-castellers-del-poble-sec-barcelona-2022\">XXIII\u00e8 Aniversari dels Castellers del Poble Sec - Barcelona 2022 &gt;<\/a><\/nav><div>\n    <!--<h2>Informaci\u00f3 general<\/h2> -->\n    <p><strong>Pde4, 4de6, 3de6ag, 3de6, Pde4, Pde4<\/strong><\/p>\n    <section class=\"altres-direccions\">\n    <article class=\"wp-block-group\" style=\"border:1px solid #ddd; padding:0.75rem; margin-bottom:0.75rem;\">\n    <header style=\"display:flex; align-items:center; gap:0.5rem; flex-wrap:wrap;\">  \n    <span>Lleida (La Seu Vella)<\/span>\n    <span>30\/06\/2022 21:00<\/span>\n    <span>\n        <iframe \n            width=\"600\" \n            height=\"250\" \n            style=\"border:0;\" \n            loading=\"lazy\" \n            allowfullscreen \n            referrerpolicy=\"no-referrer-when-downgrade\"\n            src=\"https:\/\/www.google.com\/maps?q=41.61743488690542,0.6262429944717137&hl=ca&z=20&output=embed\">\n        <\/iframe>\n     <\/span>\n   <\/header>\n<\/article>\n<\/section>\n<ul>\n    <li><strong>Rondes:<\/strong> obrir pla\u00e7a [Pde4], 1a [4de6], 2a [3de6ag], 3a [3de6], Pilars comiat [Pde4, Pde4]<\/li>\n        <li><strong>Curt:<\/strong> Congr\u00e9s de la Societat de Ci\u00e8ncies Forestals Lleida<\/li>\n<\/ul>\n<ul class=\"actuacio-caps\"><li class=\"actuacio-cap act-rol-cap-de-colla\"><strong>Cap de colla:<\/strong> Marc Gin\u00e9 Guixeris  <\/li><li class=\"actuacio-cap act-rol-presidencia\"><strong>Presidencia:<\/strong> Pau Bonet Vall-llebrera <\/li><\/ul>\n\n        <h3>Observacions<\/h3>\n         <div style=\"border:1px solid #ddd; padding:0.75rem; margin-bottom:0.75rem;\">\n              8\u00e8 congr\u00e9s forestal        <\/div>\n        \n\n<\/div><p><div class=\"recursos-actuacio\"><a data-flickr-embed=\"true\" data-header=\"false\" data-footer=\"false\" \n    href=\"https:\/\/www.flickr.com\/photos\/castellersdelleida\/albums\/72177720300267746\" title=\"\"><img loading=\"lazy\" decoding=\"async\" src=\"https:\/\/live.staticflickr.com\/65535\/54921017547_dd071a5217_z.jpg\" width=\"620\" height=\"450\" alt=\"\"\/><\/a>\n    <script async src=\"\/\/embedr.flickr.com\/assets\/client-code.js\" charset=\"utf-8\"><\/script><\/div>\n\n<\/p>\n","protected":false},"excerpt":{"rendered":"","protected":false},"author":2,"featured_media":0,"parent":0,"menu_order":0,"comment_status":"open","ping_status":"closed","template":"","meta":{"footnotes":""},"class_list":["post-1227","page","type-page","status-publish","hentry"],"_links":{"self":[{"href":"https:\/\/undetec.net\/cdl\/wp-json\/wp\/v2\/pages\/1227","targetHints":{"allow":["GET"]}}],"collection":[{"href":"https:\/\/undetec.net\/cdl\/wp-json\/wp\/v2\/pages"}],"about":[{"href":"https:\/\/undetec.net\/cdl\/wp-json\/wp\/v2\/types\/page"}],"author":[{"embeddable":true,"href":"https:\/\/undetec.net\/cdl\/wp-json\/wp\/v2\/users\/2"}],"replies":[{"embeddable":true,"href":"https:\/\/undetec.net\/cdl\/wp-json\/wp\/v2\/comments?post=1227"}],"version-history":[{"count":0,"href":"https:\/\/undetec.net\/cdl\/wp-json\/wp\/v2\/pages\/1227\/revisions"}],"wp:attachment":[{"href":"https:\/\/undetec.net\/cdl\/wp-json\/wp\/v2\/media?parent=1227"}],"curies":[{"name":"wp","href":"https:\/\/api.w.org\/{rel}","templated":true}]}}