{"id":291,"date":"2025-11-16T17:16:05","date_gmt":"2025-11-16T17:16:05","guid":{"rendered":"https:\/\/undetec.net\/cdl\/tamarit-de-llitera-1997\/"},"modified":"2025-11-16T17:16:05","modified_gmt":"2025-11-16T17:16:05","slug":"tamarit-de-llitera-1997","status":"publish","type":"page","link":"https:\/\/undetec.net\/cdl\/tamarit-de-llitera-1997\/","title":{"rendered":"Tamarit de Llitera 1997"},"content":{"rendered":"<nav class=\"nav-actuacio\"><a class=\"btn-prev\" href=\"https:\/\/undetec.net\/cdl\/soses-1997\">&lt; Soses 1997<\/a><a class=\"btn-next\" href=\"https:\/\/undetec.net\/cdl\/concentracio-ornitolecs-mequinenca-1997\">Concentraci\u00f3 Ornit\u00f2lecs Mequinen\u00e7a 1997 &gt;<\/a><\/nav><div>\n    <!--<h2>Informaci\u00f3 general<\/h2> -->\n    <p><strong>Pde4s, Pde4, 5de6, 4de6ag, 2de6 (I), 2de6 (ID), 2de6, Pde4s, Pde4cam, Pde4 (C), Pde4<\/strong><\/p>\n    <section class=\"altres-direccions\">\n    <article class=\"wp-block-group\" style=\"border:1px solid #ddd; padding:0.75rem; margin-bottom:0.75rem;\">\n    <header style=\"display:flex; align-items:center; gap:0.5rem; flex-wrap:wrap;\">  \n    <span>Tamarit de Llitera (Arag\u00f3) (Pla\u00e7a d&#039;Espanya)<\/span>\n    <span>27\/04\/1997 18:00<\/span>\n    <span>\n        <iframe \n            width=\"600\" \n            height=\"250\" \n            style=\"border:0;\" \n            loading=\"lazy\" \n            allowfullscreen \n            referrerpolicy=\"no-referrer-when-downgrade\"\n            src=\"https:\/\/www.google.com\/maps?q=41.86893012482523,0.4216546715351336&hl=ca&z=20&output=embed\">\n        <\/iframe>\n     <\/span>\n   <\/header>\n<\/article>\n<\/section>\n<ul>\n    <li><strong>Rondes:<\/strong> obrir pla\u00e7a [Pde4, Pde4s], 1a [5de6], 2a [4de6ag], 3a [2de6 (ID), 2de6 (I)], 4a [2de6], Pilars comiat [Pde4, Pde4 (C), Pde4cam, Pde4s]<\/li>\n    <li><strong>Puntuacio:<\/strong> 250<\/li>    <li><strong>Curt:<\/strong> Tamarit de Llitera<\/li>\n<\/ul>\n<ul class=\"actuacio-caps\"><li class=\"actuacio-cap act-rol-cap-de-colla\"><strong>Cap de colla:<\/strong> <a href=\"https:\/\/undetec.net\/cdl\/cap-de-colla-andreu-perez\/\">Andreu P\u00e9rez<\/a><\/li><\/ul>\n<ul><li>Dos de sis: Tercera ronda (Intent desmuntat). <\/li><\/ul><ul><li>Dos de sis: Tercera ronda (Intent). <\/li><\/ul><ul><li>Pilar de quatre: Pilars comiat (Carregat). <\/li><\/ul>\n        <h3>Observacions<\/h3>\n         <div style=\"border:1px solid #ddd; padding:0.75rem; margin-bottom:0.75rem;\">\n              Entrega de premis        <\/div>\n        \n\n<\/div><p><div class=\"recursos-actuacio\"><a data-flickr-embed=\"true\" data-header=\"false\" data-footer=\"false\" \n    href=\"https:\/\/www.flickr.com\/photos\/castellersdelleida\/albums\/72157712414707583\" title=\"\"><img loading=\"lazy\" decoding=\"async\" src=\"https:\/\/live.staticflickr.com\/65535\/54921017547_dd071a5217_z.jpg\" width=\"620\" height=\"450\" alt=\"\"\/><\/a>\n    <script async src=\"\/\/embedr.flickr.com\/assets\/client-code.js\" charset=\"utf-8\"><\/script><\/div>\n\n<\/p>\n","protected":false},"excerpt":{"rendered":"","protected":false},"author":2,"featured_media":0,"parent":0,"menu_order":0,"comment_status":"open","ping_status":"closed","template":"","meta":{"footnotes":""},"class_list":["post-291","page","type-page","status-publish","hentry"],"_links":{"self":[{"href":"https:\/\/undetec.net\/cdl\/wp-json\/wp\/v2\/pages\/291","targetHints":{"allow":["GET"]}}],"collection":[{"href":"https:\/\/undetec.net\/cdl\/wp-json\/wp\/v2\/pages"}],"about":[{"href":"https:\/\/undetec.net\/cdl\/wp-json\/wp\/v2\/types\/page"}],"author":[{"embeddable":true,"href":"https:\/\/undetec.net\/cdl\/wp-json\/wp\/v2\/users\/2"}],"replies":[{"embeddable":true,"href":"https:\/\/undetec.net\/cdl\/wp-json\/wp\/v2\/comments?post=291"}],"version-history":[{"count":0,"href":"https:\/\/undetec.net\/cdl\/wp-json\/wp\/v2\/pages\/291\/revisions"}],"wp:attachment":[{"href":"https:\/\/undetec.net\/cdl\/wp-json\/wp\/v2\/media?parent=291"}],"curies":[{"name":"wp","href":"https:\/\/api.w.org\/{rel}","templated":true}]}}