{"id":292,"date":"2025-11-16T17:16:05","date_gmt":"2025-11-16T17:16:05","guid":{"rendered":"https:\/\/undetec.net\/cdl\/concentracio-ornitolecs-mequinenca-1997\/"},"modified":"2025-11-16T17:16:05","modified_gmt":"2025-11-16T17:16:05","slug":"concentracio-ornitolecs-mequinenca-1997","status":"publish","type":"page","link":"https:\/\/undetec.net\/cdl\/concentracio-ornitolecs-mequinenca-1997\/","title":{"rendered":"Concentraci\u00f3 Ornit\u00f2lecs Mequinen\u00e7a 1997"},"content":{"rendered":"<nav class=\"nav-actuacio\"><a class=\"btn-prev\" href=\"https:\/\/undetec.net\/cdl\/tamarit-de-llitera-1997\">&lt; Tamarit de Llitera 1997<\/a><a class=\"btn-next\" href=\"https:\/\/undetec.net\/cdl\/festa-major-de-maig-1997\">Festa Major de Maig 1997 &gt;<\/a><\/nav><div>\n    <!--<h2>Informaci\u00f3 general<\/h2> -->\n    <p><strong>Pde4s, Pde4, 3de6s, 5de6, 4de7, 2de6, Pde4, Pde4s, Pde4 (C)<\/strong><\/p>\n    <section class=\"altres-direccions\">\n    <article class=\"wp-block-group\" style=\"border:1px solid #ddd; padding:0.75rem; margin-bottom:0.75rem;\">\n    <header style=\"display:flex; align-items:center; gap:0.5rem; flex-wrap:wrap;\">  \n    <span>Mequinen\u00e7a (Arag\u00f3) (Carretera Fraga s\/n)<\/span>\n    <span>03\/05\/1997 18:00<\/span>\n    <span>\n        <iframe \n            width=\"600\" \n            height=\"250\" \n            style=\"border:0;\" \n            loading=\"lazy\" \n            allowfullscreen \n            referrerpolicy=\"no-referrer-when-downgrade\"\n            src=\"https:\/\/www.google.com\/maps?q=41.37437153065019,0.3032105112061432&hl=ca&z=20&output=embed\">\n        <\/iframe>\n     <\/span>\n   <\/header>\n<\/article>\n<\/section>\n<ul>\n    <li><strong>Rondes:<\/strong> obrir pla\u00e7a [Pde4, Pde4s], 1a [3de6s], 2a [5de6], 3a [4de7], 4a [2de6], Pilars comiat [Pde4 (C), Pde4s, Pde4]<\/li>\n    <li><strong>Puntuacio:<\/strong> 575<\/li>    <li><strong>Curt:<\/strong> Concentraci\u00f3 Ornit\u00f2lecs Mequinen\u00e7a<\/li>\n<\/ul>\n<ul class=\"actuacio-caps\"><li class=\"actuacio-cap act-rol-cap-de-colla\"><strong>Cap de colla:<\/strong> <a href=\"https:\/\/undetec.net\/cdl\/cap-de-colla-andreu-perez\/\">Andreu P\u00e9rez<\/a><\/li><\/ul>\n<ul><li>Pilar de quatre: Pilars comiat (Carregat). <\/li><\/ul>\n        <h3>Observacions<\/h3>\n         <div style=\"border:1px solid #ddd; padding:0.75rem; margin-bottom:0.75rem;\">\n              Actuaci\u00f3 en interior de Pavell\u00f3 per pluja        <\/div>\n        \n\n<\/div><p>\n\n<\/p>\n","protected":false},"excerpt":{"rendered":"","protected":false},"author":2,"featured_media":0,"parent":0,"menu_order":0,"comment_status":"open","ping_status":"closed","template":"","meta":{"footnotes":""},"class_list":["post-292","page","type-page","status-publish","hentry"],"_links":{"self":[{"href":"https:\/\/undetec.net\/cdl\/wp-json\/wp\/v2\/pages\/292","targetHints":{"allow":["GET"]}}],"collection":[{"href":"https:\/\/undetec.net\/cdl\/wp-json\/wp\/v2\/pages"}],"about":[{"href":"https:\/\/undetec.net\/cdl\/wp-json\/wp\/v2\/types\/page"}],"author":[{"embeddable":true,"href":"https:\/\/undetec.net\/cdl\/wp-json\/wp\/v2\/users\/2"}],"replies":[{"embeddable":true,"href":"https:\/\/undetec.net\/cdl\/wp-json\/wp\/v2\/comments?post=292"}],"version-history":[{"count":0,"href":"https:\/\/undetec.net\/cdl\/wp-json\/wp\/v2\/pages\/292\/revisions"}],"wp:attachment":[{"href":"https:\/\/undetec.net\/cdl\/wp-json\/wp\/v2\/media?parent=292"}],"curies":[{"name":"wp","href":"https:\/\/api.w.org\/{rel}","templated":true}]}}